2, 3
Let w = -10 + 19. Let v = w - 4. What are the prime factors of v?
5
Suppose -61 = 4*k - 5*p, 0 = k - p + 14. What are the prime factors of (-111)/k + (-2)/6?
2, 3
Let i = 3 + -3. Suppose i = -t - 3*t + 88. Suppose 4*b - 9 = -0*v - v, -2*b + t = 4*v. What are the prime factors of v?
5
Suppose 5*u = 5*a, -a + 15 = -6*a. Let z(t) = -2 - 8*t + 3*t - 2. List the prime factors of z(u).
11
Suppose 2*h + 9 = 5*h. Suppose -h*k - k = -5*s - 60, -3*s = 4*k - 60. List the prime factors of k.
3, 5
Let k(s) be the third derivative of s**6/120 - 3*s**5/20 - 7*s**4/24 - 13*s**3/6 - 4*s**2. List the prime factors of k(10).
17
Suppose 20 = 4*j - 0. Suppose -j = -q + 9. List the prime factors of q.
2, 7
Let p(g) = g**3 - 4*g**2 - 5*g + 2. Let q be p(5). Let w(r) = -r**3 + 6*r**2 - r + 7. Let h be w(6). List the prime factors of 10 + 0 - q*h.
2
Let i(u) = -8*u + 6*u**2 - 2*u - 7*u**2 - 7. Let z be (-2)/(-4) + (-34)/4. List the prime factors of i(z).
3
Let p(d) = -5*d - 3. Let z be p(-2). What are the prime factors of ((-6)/z)/((-1)/7)?
2, 3
Suppose 2*w - 1 = 3. Suppose 0 = w*z + 10, 4*z = s + s + 10. Let y = -5 - s. What are the prime factors of y?
2, 5
Let z be 1/((-9)/(-6) + -2). List the prime factors of 0 + (z + 1 - -4).
3
Suppose 5*g - 3 = h, 3*h = -3*g - g - 9. Suppose g*o = o. Suppose 5*k - 2*s - 45 = o, k - 9 - 7 = -s. What are the prime factors of k?
11
Suppose -33 = -2*m - 11. Suppose -f = 3*p + f - m, p - 3*f = 11. What are the prime factors of p?
5
Let g(r) = -2*r - r - 2 - 5. Let h be g(-5). Let x = 14 - h. What are the prime factors of x?
2, 3
Let f = -6 - -3. Let u(s) = s**2 + 2*s. What are the prime factors of u(f)?
3
Let b = 171 - 106. Let u = b - 39. List the prime factors of u.
2, 13
Suppose 3*w = 2*k - 343, 2*k = 3*k + 4*w - 144. What are the prime factors of k?
2, 41
Let z(l) = -4*l**2 - l + 2. Let o be z(-2). Let n = o + 62. What are the prime factors of n?
2, 5
Let c be (-2 + 1)*2*-6. Let w = c - 6. What are the prime factors of w?
2, 3
Suppose -7 = -2*x + 5. Let c(s) = -s**2 + 8*s - 4. List the prime factors of c(x).
2
Suppose 4*s - 4*v - 14 - 82 = 0, 0 = 4*s + v - 91. What are the prime factors of s?
23
Suppose -a + 5*a = 5*z + 1, 4*a - z = -3. Let b(m) = 6*m - 1. Let g(c) = -c. Let l(v) = -b(v) + g(v). What are the prime factors of l(a)?
2
What are the prime factors of ((-8)/(-3))/(2/21)?
2, 7
Let o(q) = -q**2 + 4*q + 5. Let c(n) = n + 10. Let f be c(-5). Let x be o(f). Let k = x - -7. List the prime factors of k.
7
Suppose -15 = -6*t + t. Suppose -2*l - 6 = 5*i, 0 = -l - t*i - 2*i - 8. Suppose 0 = a + m - 7, l*a + 3*m = 7*m + 14. What are the prime factors of a?
7
Suppose l - 28 = 5. List the prime factors of l.
3, 11
Suppose 6*l - 259 = 41. What are the prime factors of l?
2, 5
Let o(c) = c**2 + 2*c + 3. Let z be 1/(-2)*(4 + 0). Let b be o(z). Suppose b*r + 2 = 14. What are the prime factors of r?
2
Suppose -p + 4*a + 14 = -0*p, 5*a + 34 = 4*p. Suppose -p = -4*n + 2, f = 5*n + 5. What are the prime factors of f?
3, 5
Suppose 93 = -5*b + 553. What are the prime factors of b?
2, 23
Suppose -4*c + 2*n - 9 = 5*n, 5*c - 3*n - 9 = 0. Suppose -3*q = -c*q - 96. Suppose 8 - 2 = 2*h - 3*s, 5*h - q = -s. What are the prime factors of h?
2, 3
Suppose 0*l + 95 = l. What are the prime factors of l/3 + 16/(-24)?
31
Suppose 3*h - 7 = -1. Let n(z) = 3*z**h - 10*z - z**2 - 9 - 3*z**2. What are the prime factors of n(-8)?
7
Let m(k) = -k**2 - 5*k - 1. Let z be m(-2). Let d = z + -1. What are the prime factors of d?
2
Suppose -r = -2*g + 42 + 49, -5*g - 5*r = -250. What are the prime factors of g?
47
Suppose 0 = -3*m - 12, -5*i + 175 = -4*m - 606. What are the prime factors of i?
3, 17
Let r = 8 - 4. Suppose 4*u = -8*b + 3*b + 20, b = r. Let d = u + 15. What are the prime factors of d?
3, 5
Suppose 4*n + 208 = 5*y, -2*n - 2 = -8. List the prime factors of y.
2, 11
Let h be 1*((-2)/2 + 0). Let s = 4 + h. What are the prime factors of (3/(-1))/(s/(-4))?
2
Let f(k) be the second derivative of k**5/20 - k**4/12 - k**3/6 - 3*k. Let v be f(2). Suppose -v*q + 24 = q. What are the prime factors of q?
2
Suppose 5*n - 78 = -3*d, -2*n + 31 = -d + 2*d. Suppose -2*z + 3*z = n. What are the prime factors of z?
3, 5
Let a(y) = -3*y**2 + 3*y**2 + y**2. What are the prime factors of a(5)?
5
Suppose -b - 6 = -3*b. Suppose -7 = -b*q + 14. List the prime factors of q.
7
Let y(a) = -a**3 + 5*a**2 + 6*a + 6. Suppose -3*h = -2 - 16. List the prime factors of y(h).
2, 3
Let s(j) = j**2 + 3*j + 3. Let d be s(-3). Let t(p) = 1 - 4*p + p - d. What are the prime factors of t(-3)?
7
Let h(u) = -u**3 - 4*u**2 - u - 2. Let j be h(-4). Suppose o + 4 = 3*l, 0*l - 2*l = -o - j. What are the prime factors of l?
2
Let m(g) = g**3 + g**2 - 14. Let h be (-2)/(-10) + 2/(-10). Let t be m(h). Let a = 26 + t. What are the prime factors of a?
2, 3
Suppose 0*x = 3*x - 21. What are the prime factors of 26/x + (-12)/(-42)?
2
Let f = -12 + 7. List the prime factors of 5/(f/(-14)) + 3.
17
Let w(z) = 3*z - 3. Let n be w(5). What are the prime factors of (2 + -2)/4 + n?
2, 3
Let c(a) = -3*a**2 - 4*a - 4. Let f be c(-5). Let q = 89 + f. List the prime factors of q.
2, 3, 5
Suppose -b + 13 = 3*s, 2*b + 19 = 3*b + 5*s. Suppose 3 = 2*j - k + 1, -3*j + 25 = b*k. Suppose 5*h = 4*n - 34, 5*n - 33 - 3 = j*h. List the prime factors of n.
2, 3
Let o(w) = w**2 + 9*w - 12. List the prime factors of o(5).
2, 29
Suppose -6*u + 51 = -3*u. List the prime factors of u.
17
Let c = 11 + 11. List the prime factors of c.
2, 11
Let w(z) = -z**2 - 8*z - 7. Let r be w(-7). Let g(j) = 10*j**2 - 1 + r + 1. What are the prime factors of g(1)?
2, 5
Let b = 48 + -16. Suppose 0 = -2*s + s + b. List the prime factors of s.
2
Let i(r) = r**2 - 5*r + 7. Let j be i(5). Suppose -4 = -2*t + 4*g, 2*g = -5*t + 3 + j. List the prime factors of t.
2
Let s(b) = 20*b**2 + 5*b + 4. What are the prime factors of s(-3)?
13
Let s be ((-9)/6)/((-2)/(-4)). Let n be (s/4)/((-2)/(-8)). Let d = 14 + n. What are the prime factors of d?
11
Suppose 5*g - 5*d = -20, -3*g - 20 = -10*d + 5*d. Let u = 2 - g. What are the prime factors of u?
2
Suppose 3*y = -5 + 92. List the prime factors of y.
29
Suppose 0*h - 3*h + 6 = 0. Suppose 3*g - 60 = -h*g. What are the prime factors of g?
2, 3
Let p be (-24)/(-6) - 1*-1. Suppose -p*f + 0*f = -20. Suppose 0 = -f*x - x + 25. List the prime factors of x.
5
Suppose -3*q + 4*w = -8*q + 110, 3*q - 66 = -4*w. Let b = 38 - q. What are the prime factors of (15/4)/(4/b)?
3, 5
Let t = 2 + 47. List the prime factors of t.
7
Suppose 2*m + m - 5*x - 13 = 0, -5*x = -m + 1. Suppose -s = -m - 49. What are the prime factors of s?
5, 11
Suppose 4*i + 1 = 225. Suppose 4*g - i = -5*a, -81 = -4*g + 3*a + 7. What are the prime factors of g?
19
Let d = 39 + 120. List the prime factors of d.
3, 53
Let w = -14 + 36. Let p(i) = i**3 + 6*i**2 + 2. Let j be p(-6). Suppose 2*c - w = c + j*u, 5*c = 5*u + 85. List the prime factors of c.
2, 3
Suppose q + 6 = 4*q. Suppose -r = r - q, 5*r = -3*h + 53. What are the prime factors of h?
2
Suppose -q = q - 10. Suppose -2*n + 8 = q*s + 23, 10 = -4*s - 2*n. Let p(m) = -2*m - 6. List the prime factors of p(s).
2
Let r(n) be the second derivative of -5*n**4/12 - n**2/2 - 2*n. Let f(j) be the first derivative of r(j). What are the prime factors of f(-1)?
2, 5
What are the prime factors of 224/(-12)*((-9)/2 + 0)?
2, 3, 7
Suppose -2*j + 5*q = -21, q + 0 = -2*j + 27. What are the prime factors of j?
13
Suppose 0 = 2*x - 4*x + 8. Suppose 200 = -0*z + x*z. Suppose -2*b + 0*b + 26 = f, 2*b = 5*f + z. What are the prime factors of b?
3, 5
Let a be 0 + 6 - (-4 + 5). Suppose -a*c + 49 = 4. Suppose d = 4*d - c. List the prime factors of d.
3
Let j(s) = 5 + 0 - 1 + 2*s - 3. List the prime factors of j(4).
3
Suppose 0 = 9*i - 4*i + 25. Let m(a) be the second derivative of -a**5/20 - a**4/2 - 7*a**3/6 - a**2 + 2*a. What are the prime factors of m(i)?
2
Let n(q) be the first derivative of -q**3/3 + 2*q**2 + 4*q + 3. Let d be n(6). Let o = d - -15. What are the prime factors of o?
7
Let w be (-2)/(-6)*348/4. Suppose -h + 10 = -w. Let y = h + -28. What are the prime factors of y?
11
Let u = -38 + 192. List the prime factors of u.
2, 7, 11
Suppose b - 4*s - 10 - 53 = 0, -4*b + 3*s + 200 = 0. Let g = -34 + b. List the p